Let g(r) = r**2 - 4*r - 1. Give g(o).
-1
Let t(n) = n**2 - 3*n**2 - 2*n**3 + 20 - 2*n - 23 + 3*n**2. Suppose 0 = 2*c + 2*c + 8. Determine t(c).
21
Let l(h) = 6*h**2 - 44*h + 1. Let j be l(8). Let b(x) = -x**3 + 33*x**2 - 4*x + 139. What is b(j)?
7
Let c(x) = 2*x**2 - x - 1. Let a(d) = -d**3 - 3*d**2 + d + 1. Let l(u) = -2*a(u) - 3*c(u). Suppose 3*t - 1216*p - 13 = -1218*p, -2*p = -16. What is l(t)?
-2
Let o(x) = 22*x + 108 + 10*x - 3*x**2 + 102 + 2*x**2 + 21. Let k be o(38). Let b(y) = -y**3 + 4*y**2 + y. Give b(k).
12
Let h(j) be the first derivative of -4*j - 5*j**2 - 1/3*j**3 - 147. Give h(-6).
20
Let x(p) = -p**2 + 87*p + 5078. Let d be x(-40). Let r(u) = 11*u + 16. What is r(d)?
-6
Let x(i) = -20*i - 4*i**3 + 3*i**3 + 25 + 2345*i**2 - 2326*i**2 - 20. Calculate x(18).
-31
Let u(j) = 3*j**3 + 3*j**2 - 2*j - 2. Suppose v + 27 = 2*w + 21, 0 = 3*w - 5*v - 16. Let d be w + 6/(-6) + 2/2. Give u(d).
30
Let b(i) = -375*i + 4. Let w(x) = -688*x + 8. Let r(d) = -11*b(d) + 6*w(d). What is r(5)?
-11
Let b be (-3)/(14 - 5) + 32/(-12). Let p(t) = 6*t**2 + t + 8. Let q(l) = 7*l**2 + l + 9. Let r(a) = -5*p(a) + 4*q(a). Give r(b).
-19
Let h be 2/4*48/(16/2). Let c be (h/(-2))/((-42)/56). Let m(y) = 9*y**2 - y. Determine m(c).
34
Let g(h) be the second derivative of -h**3/6 + 3*h**2 + 503*h. Suppose 4*j = -3*u + 23, -3*j + 0*j = -4*u + 39. What is g(u)?
-3
Let q(c) = c - 6. Suppose 1146 = 4*g - 0*i + 2*i, -4*g - i + 1147 = 0. Let y = g + -287. Determine q(y).
-6
Let g(o) = -281*o - 20 - 295*o - 283*o + 864*o. Give g(7).
15
Let m(a) be the second derivative of -a**5/20 + 5*a**4/4 + 35*a**3/6 - 12*a**2 - 3913*a. What is m(17)?
-7
Suppose 0 = 10*m + 5*m - 180. Suppose 0 = 5*j + m + 3. Let k(r) = r**2. What is k(j)?
9
Let y be (-1 - -5 - -3) + -5. Let l be (y - -3) + 6 + 3/(-1). Let w(c) = c**2 - 8*c + 5. Give w(l).
5
Let p(i) = 7*i - 4. Let m(y) = 10*y - 4. Suppose -11*t + 1 = -21. Let q(f) = t*m(f) - 3*p(f). Determine q(3).
1
Let u(v) = -v**3 + 8*v**2 - 12*v - 5. Let n = 8353 + -8348. Calculate u(n).
10
Let y = -5138 + 5139. Let h(a) = -33*a**3 + a**2 + 3*a - 3. Determine h(y).
-32
Let h(n) = -67*n**2 - 15*n + 295. Let x(b) = 8*b**2 + 2*b - 37. Let v(a) = 2*h(a) + 17*x(a). Determine v(-5).
-9
Let d(u) = 19*u**2 + 16 - 18*u**2 - 77 + 28 + u**3 + 34 - 10*u. Give d(-3).
13
Let f(j) = -j**3 + 3*j**2 - j - 1. Let h(o) = o**2 + 19*o + 36. Let a = -24 - -7. Let y be h(a). Let l be f(y). Let u(n) = 5*n**2 + 1. Give u(l).
6
Let r(h) = -h**2 - 9*h + 3. Let n(i) be the third derivative of -1/8*i**4 + 3*i**2 + 0 + 4/3*i**3 + 0*i. Let d be n(4). Determine r(d).
23
Let y(t) be the second derivative of -t**5/20 + 7*t**4/4 - 8*t**3/3 - 71*t**2/2 - 4305*t. Calculate y(20).
9
Let a(k) = 13*k + 41. Let f(s) = 45*s + 126. Let u(m) = 7*a(m) - 2*f(m). Determine u(-39).
-4
Suppose 5*j + 1 - 11 = 0. Suppose 10 = -2754*k + 2759*k. Let c(m) = -3*m**j - 5*m - 2*m**2 + 3*m + 4*m**k. Calculate c(-3).
-3
Let j be (-2 + 460/5)/1. Let c(a) = -32 + a**3 - 2*a + 6*a**2 - 32 + j - 33. Let t be (-6)/9 - 16/3. Give c(t).
5
Let h(a) = -27*a + 2447. Let l be h(91). Let g(o) = -o**3 - 10*o**2 + 10*o + 101. What is g(l)?
1
Let o(w) = 37*w - 20*w + 7 - 18*w. Let c be o(6). Let x(g) = -6*g**2. Give x(c).
-6
Suppose b + 44 = 47. Let o be ((-4)/b)/((-2)/9). Let y = -8 + o. Let m(d) = 6*d + 3. Give m(y).
-9
Let w(n) = 5*n. Let d(z) = -53*z + 4. Let h(m) = -d(m) - 6*w(m). Let y(j) = 44*j - 7. Let r(s) = -5*h(s) + 3*y(s). Determine r(1).
16
Let k = -625 - -627. Let w(r) = -9*r - 4*r**2 + 5*r + 2 + 3*r**k. What is w(-4)?
2
Let g(n) be the first derivative of -n**4/4 + 5*n**3/3 - 3*n**2/2 + 2*n + 2. Let t be g(4). Let m(f) = 96*f - 63*f - 3 - 21*f - 11*f. Calculate m(t).
3
Let s(x) = -3*x + 7. Let j(v) = -2*v + 3. Let t(b) = -11*j(b) + 6*s(b). Suppose 7*d - 6557 + 6585 = 0. Determine t(d).
-7
Let a(k) = -2*k - 2. Let s(u) = -12*u - 11. Let z(o) = -3*a(o) + s(o). Let x(w) = -w + 2. Let h(i) = -3*x(i) - z(i). Give h(-1).
-10
Let i(q) = q - 6. Let z(b) = b**3 + 14*b**2 + 27*b + 45. Let n be z(-10). Let d be 25/(n/(-42)) - -11. Calculate i(d).
-1
Let y be 15/30*(-1 - 9). Let x be y/(180/8) - (-4)/18. Suppose 3*j - a + 11 = x, -3*a - 2*a = -5*j - 15. Let b(z) = -z - 3. What is b(j)?
1
Let x(v) = -3*v - 14. Let m(b) = -b - 5. Let a(s) = 11*m(s) - 4*x(s). Let f = -77 + 59. Let q = f - -13. Give a(q).
-4
Suppose 3*l = 8 + 7. Let b be 1/5 + -2 + 520/25. Let v(t) = -23 - l*t - t + b. Determine v(3).
-22
Let g(o) = -12*o + 97. Let b(z) = 7*z - 60. Let y(t) = -8*b(t) - 5*g(t). Give y(5).
15
Let d(g) = 7*g - 21. Suppose -5*k + n - 8 + 57 = 0, 0 = -n + 6. Calculate d(k).
56
Let j(t) = -t**2 - 13*t - 28. Let u = -18 + 9. Let g be j(u). Let r(m) = -2*m + 8. What is r(g)?
-8
Suppose 5*z + 5*h + 23 = -2, -3*z + 5*h + 9 = 0. Let w(a) = -12*a**2 - 8*a + 1. Give w(z).
-31
Let l(s) = -s**2 + 5*s + 6. Let i be 15/20*((-1)/2)/((-12)/160). What is l(i)?
6
Let i(t) = 3*t + 4. Let h = -2879 + 2878. What is i(h)?
1
Suppose 190 = 1183*g - 1219*g - 494. Let b(i) = -4*i - 75. What is b(g)?
1
Let v(x) = 3*x + 5. Let m = 451 + -440. Let h be 6/m - 42/77. Determine v(h).
5
Let x(o) be the first derivative of -7*o**4/4 + o**3/3 - 5*o**2/2 + 4*o + 3188. Calculate x(1).
-7
Let g be (0 + -9)/(12/(-8)). Let o(r) = -4 + 20*r + g + 16*r - r**2 - 40*r. Give o(-5).
-3
Let r = -183 + 172. Let c(k) = -3*k - 2. Let x(u) = -u. Let v(d) = r*x(d) + 4*c(d). Let s = 0 + 0. What is v(s)?
-8
Suppose 0 = 2*b + 16*b. Suppose -9*i - 11 - 16 = b. Let c(k) be the second derivative of k**4/6 + k**3/6 - k**2 - 4*k. Calculate c(i).
13
Let n(t) = -t**3 - 5*t**2 + 4*t - 8. Let s be n(-6). Let z(c) = -1 - 2 + 9 - 4*c + s. What is z(4)?
-6
Suppose 0 = 2*i - 7*i + 40. Let a(m) = m**2 + 6*m + 1. Let r(c) = c**3 - 18*c**2 - 60*c - 8. Let g(d) = -10*a(d) - r(d). Determine g(i).
-2
Let g(h) = h**2 + 21*h - 99. Suppose 433*y + 8749 = -1643. Determine g(y).
-27
Let y(o) be the second derivative of 11/12*o**4 + 9/2*o**2 + 1/6*o**3 - 58*o - 1 + 1/20*o**5. What is y(-11)?
-2
Let f be -18 + 34 - (8 + 4). Let y(j) = 15*j + 3. Calculate y(f).
63
Let o(q) = 5*q**2 - 4*q + 4*q + q**3. Let d be (-3)/(-11) + 7225/935. Suppose d*y + 35 = y. Give o(y).
0
Let w(r) = -7*r + 67. Let j be w(10). Let f(t) = -7*t + 4. Give f(j).
25
Suppose 67 = 5*n - 3*k, 2*n = 5*k + 39 - 16. Suppose 0 = -n*l + 59 + 137. Let q(y) = -y + 23. Determine q(l).
9
Let t(n) = -7. Let m(x) = 191*x - 97*x + 1 - 95*x. Let l(w) = 2*m(w) + 2*t(w). Calculate l(-5).
-2
Let y = -453 - -460. Suppose y*r + 12*r - 6*r = 0. Let s(g) = g**3 - g + 1. Determine s(r).
1
Let r(l) be the second derivative of l**5/20 - 15*l**2/2 - 857*l. Determine r(0).
-15
Let n(c) = -1272*c**2 - 24*c - 8 - 7*c + 1267*c**2. Calculate n(-6).
-2
Let a(f) = -39*f - 516. Let x(s) = -40*s - 515. Let u(m) = 5*a(m) - 4*x(m). What is u(-15)?
5
Let h = -5 + 5. Suppose 4*a - 32 = -h*a. Suppose -a = -t - 2. Let w(i) = -2*i. Calculate w(t).
-12
Let z(s) = -17*s - 16. Let w = -28332 - -28336. Calculate z(w).
-84
Let c(d) be the second derivative of d**5/10 - d**4/6 + d**3/3 - 7*d**2/2 + 1009*d. What is c(3)?
35
Let j(l) = 4*l**2 + 9*l - 149. Let c(t) = 4*t**2 + 10*t - 164. Let g(b) = -10*c(b) + 11*j(b). Let s = 2 + -5. Determine g(s).
40
Let b(y) = -8*y + 508. Let t(f) = -9*f + 508. Let i(k) = 7*b(k) - 8*t(k). Calculate i(32).
4
Let r(b) = -1225 - b**2 + 2479 - 5*b - 1278. Calculate r(-6).
-30
Let n(k) = -k**2 - 11*k - 14. Let c be n(-10). Let s(h) = -3*h + 6. Let t be s(c). Let r be t/(-9) + (2 - 4). Let x(f) = -2*f - 3. Determine x(r).
5
Let m be (1 + 46/(-6))*-14*(-24)/(-280). Let w(j) be the second derivative of -j**4/12 + 3*j**3/2 - 7*j**2/2 - j. Calculate w(m).
1
Let z(f) = 4*f + f**3 + 9 + 29*f**2 + 31*f**2 + 31*f**2 - 97*f**2. Determine z(5).
4
Let m be (-1 - -7)*((-10)/(-12) - 0). Let p(z) = -2*z**3 + 11*z**2 - 2*z + 1. Give p(m).
16
Let x(v) = -v**3 - 32*v**2 + 2*v + 72. Let m be x(-32). Let p(u) = -u**2 - u. Let t(f) = 2*f**2 - 7*f + 5. Let l(g) = p(g) + t(g). Determine l(m).
5
Let o(a) = -a**2 - 6*a + 2. Suppose 33*y - 12*y = 84. Suppose 24 = -y*z - 4*n, 8*z - 16 = 11*z + 5*n. What is o(z)?
-5
Let y(l) = 4*l - 15. Let a(c) = -2*c + 7. Let t(k) = -7*a(k) - 4*y(k). Let v be t(5). Suppose 5*p - v = 14. Let x(s) = 2*s**2 - 2*s. What is x(p)?
12
Let w = -